e 0 = 14*d - 9*d - 45. Suppose -2*f + 3*a - 16 = 15, -d = 3*f + 3*a. Let r = f + 28. What are the prime factors of r?
2, 5
Let j be (-1 - 2)*(-3)/3. Suppose 0*s + j*s - 15 = 0. Let n = 28 + s. List the prime factors of n.
3, 11
Suppose -7*u = -4*u - 981. Let y = -183 + u. What are the prime factors of y?
2, 3
Let i(k) = -15 - 4*k - 19 + 31. What are the prime factors of i(-9)?
3, 11
Suppose 182 = 9*s + 110. Let r = 7 + -5. Suppose r*v = s*v - 108. What are the prime factors of v?
2, 3
Suppose 0 = -3*g + 15, -n + 0*n - 4*g = -22. Let x be (19/3)/(n/12). Suppose 0 = -q + 2*q - x. List the prime factors of q.
2, 19
Let o = -63 - 7. Let d = o + 128. List the prime factors of d.
2, 29
Suppose 4*s = -3*s + 413. Let w = s + -7. List the prime factors of w.
2, 13
Let x = -113 - -121. Suppose -448 = t - x*t. List the prime factors of t.
2
Let a = 14404 + -10177. List the prime factors of a.
3, 1409
Let u(s) = 1 + 2 + 1 - s. Let q be u(4). Suppose 4*r = -g + 20, q*g + 2*r - 108 = -4*g. List the prime factors of g.
2, 7
Let a(d) = 3 - 6*d**2 - 7*d**2 - 10*d - 35*d + 19*d - d**3. What are the prime factors of a(-11)?
47
Let q = 3 + 1. Suppose q*r - 69 - 126 = 3*h, -2*r + 80 = 2*h. What are the prime factors of r?
3, 5
Let a(j) = 40*j - 130*j + 41*j + 44*j. Let l = 12 + -18. List the prime factors of a(l).
2, 3, 5
Suppose -4*w - 438 + 8470 = 0. List the prime factors of w.
2, 251
List the prime factors of 1*(0 + 1) + (55 - 13).
43
Let h(n) = n**3 + 9*n**2 + 5*n + 10. Let w be h(-6). Suppose -3*v = -j + 34, -j - 2*j + 2*v + w = 0. What are the prime factors of j?
2, 7
Let l(k) = -132*k + 90. List the prime factors of l(-4).
2, 3, 103
Let z = 5 + -16. Let r = 13 + z. Suppose -5*w + 67 = r*h, 0*w + 17 = w + 4*h. List the prime factors of w.
13
Suppose -9*a + 0 = -36. List the prime factors of a.
2
What are the prime factors of (-4)/(-6) + ((-35796)/(-36))/19?
53
Let y = 553 - 314. List the prime factors of y.
239
Let l(i) be the second derivative of 4*i**3/3 - 19*i**2/2 - 24*i. What are the prime factors of l(8)?
3, 5
Suppose 3*r + 0*r + 46 = -l, -5*l - 5 = 0. Let k be (-5)/r - (-185)/3. Let q = 114 - k. List the prime factors of q.
2, 13
Suppose -20 = -o + z, -o = -4*o - 2*z + 35. Suppose 4*f - 5*f = -o. What are the prime factors of f?
3, 5
Let l be -1*(-6)/3*1. Suppose -4*v + 116 = -o, -2*v - l*o + 158 = 3*v. What are the prime factors of v?
2, 3, 5
Let y(g) = g**3 + 19*g**2 - 28*g - 7. List the prime factors of y(11).
3, 5, 13, 17
Suppose 0 = -12*j + 39*j - 35289. What are the prime factors of j?
1307
Let v be 1/(-3 - -2) + -9. Let q be (-54)/(-4) + (-17)/(-34). Let y = q + v. List the prime factors of y.
2
Let p = 28 + -33. Let m be (0 + p)*(1 - 2). List the prime factors of ((-18)/m)/((-5)/75).
2, 3
Let z(p) = -8*p + 1. Let x be z(-5). Let w = -1 - 14. Let h = x + w. List the prime factors of h.
2, 13
Suppose 642 + 18 = 5*u. Let c(w) = -w**2 + 15*w - 43. Let l be c(10). Suppose -l*f + 11*f - u = 0. What are the prime factors of f?
3, 11
Suppose -1 = -v + 134. Suppose v = 3*t - 57. Suppose t - 10 = 3*p. List the prime factors of p.
2, 3
Suppose -2*x + 164 = -24. Let p = x + -51. Let l = -25 + p. What are the prime factors of l?
2, 3
Suppose -1701 - 1689 = -10*k. List the prime factors of k.
3, 113
Suppose -3*u - 5*b = -1218 + 238, 4*u = b + 1322. List the prime factors of u.
2, 3, 5, 11
Let c = -474 + 1101. What are the prime factors of c?
3, 11, 19
Let i(c) = c**3 - 5*c**2 - 11*c + 4. Let w be i(9). Suppose -5*m + w = -251. List the prime factors of m.
2, 3
Suppose 5*t + 4162 = 3*r + 11651, -r + 4499 = 3*t. What are the prime factors of t?
1499
Let u be (-4)/((0 - 2)*1). What are the prime factors of (-3 - -4)/(u/126)?
3, 7
Let x(q) = q**3 - 3*q**2 - 7*q + 17. Let o be (-266)/57*(-4)/(16/6). List the prime factors of x(o).
2, 41
Let l(g) = -8*g**2 + 4*g + 4. Let q be l(4). Let y = -62 - q. List the prime factors of y.
2, 23
Let t = -515 - -907. List the prime factors of t.
2, 7
Suppose -3*z + 175 = -0*z - 4*h, -2*h + 204 = 4*z. Suppose 0 = -3*a - 5 + 14, 2*a - z = -u. List the prime factors of u.
47
Suppose -3*o + i + 44 = 0, -4*i + 2 + 4 = 2*o. Suppose 6*t = o*t - 2121. List the prime factors of t.
3, 101
Suppose 14*p + 547 - 4257 = 0. List the prime factors of p.
5, 53
Let y = -1239 + 1901. List the prime factors of y.
2, 331
Let l be (-12)/(-1 + (-1)/2). Suppose 0*u = -2*u + l. Suppose -8 = u*h - 160. What are the prime factors of h?
2, 19
Let o = -92 - -129. What are the prime factors of o?
37
Let a = 113 - -295. Suppose 2*f - a = -4*o, -o + 5*f + 38 = -86. What are the prime factors of o?
2, 13
Let g = -9 - -17. Let w = -2 + g. List the prime factors of w/(-15) - 124/(-10).
2, 3
Let y be 3*25/30*2. What are the prime factors of 10/25*53*y?
2, 53
Suppose 38501 + 172029 = 74*g. What are the prime factors of g?
5, 569
Suppose -3 = -10*l + 9*l. Suppose 8*o = l*o + 15. Suppose o*p + 102 = 5*w, 2*w - p = 7*w - 86. What are the prime factors of w?
2, 3
Let q = -1981 - -3668. List the prime factors of q.
7, 241
Let q = -440 + 1158. List the prime factors of q.
2, 359
Let i be (-204)/(-1 + -3) - 2. What are the prime factors of i - -2 - (-3 - -1)?
53
Let u = 1946 + -736. What are the prime factors of u?
2, 5, 11
Suppose 0 = 3*i + 2*x - 0*x + 8, 4*i + 2*x + 10 = 0. Let z be (-2)/2*i + 76. Let d = z + -30. List the prime factors of d.
2, 3
Let z(p) = 2*p**3 - 10*p**2 + 9*p - 41. List the prime factors of z(9).
2, 43
Let s(r) = r**3 + 25*r**2 - 4*r + 2. List the prime factors of s(-24).
2, 337
Let c = -2979 + 4844. What are the prime factors of c?
5, 373
Let k be 2/15 - 8980/(-150). Let c be (1/(-4))/((-3)/k). Suppose -c*n + 2*n = -123. What are the prime factors of n?
41
Let v(t) = 4*t**3 + 77*t**2 - 5*t + 40. What are the prime factors of v(-18)?
2, 5, 7
Suppose -16*i = -2*i - 7196. List the prime factors of i.
2, 257
Let z(c) = -30*c + 28. List the prime factors of z(-6).
2, 13
List the prime factors of 1 - (-593 + -5) - 5.
2, 3, 11
Let n(o) = -o - 1. Let w be n(-11). List the prime factors of (-477)/(-5) + w/(-25).
5, 19
Let u be 45 - 3*(-7 + 3)/(-12). Suppose -u*z + 48*z - 692 = 0. List the prime factors of z.
173
Let g = -1916 + 2714. List the prime factors of g.
2, 3, 7, 19
Suppose -3*r - 10 = -r. Let b be 16/40 - (-14202)/r. What are the prime factors of b/(-56) - 4/(-14)?
3, 17
Suppose 0*p - 13*p = -585. Let z = p + 14. List the prime factors of z.
59
List the prime factors of (52 - 46)*(114 - 1).
2, 3, 113
Suppose 7*x + 14420 = 10*x + f, f + 9605 = 2*x. What are the prime factors of x?
5, 31
Let n(k) = 3*k**3 - 3*k**2 + 1. Let u = 11 + -8. List the prime factors of n(u).
5, 11
Suppose -9*m + 5*m = -20. Suppose -5*p + 291 = 3*j, -194 = -0*j - 2*j + m*p. What are the prime factors of j?
97
Let m = 346 - 92. What are the prime factors of m?
2, 127
Let c = -6 + 10. Suppose c*t + 186 = -5*n - 529, -5*n + 905 = -5*t. What are the prime factors of t/(-16) - 1/4?
11
Suppose 0 = -0*s - 4*s - 104. Let g = s + 91. List the prime factors of g.
5, 13
Suppose -5*g + 0*g + 15 = 0, -13 = 5*k - g. Let b(t) = -7 + 3 - 2*t + 1 + 0*t + 13*t**2. List the prime factors of b(k).
53
Suppose -3*c - 269 + 53 = 0. Let w = 134 + c. Suppose 0 = -2*z + 5*g + 44, -7*g + w = 4*z - 4*g. What are the prime factors of z?
17
Let r(n) = 4*n**3 + 3*n**2 + 4*n + 1. Let c be r(3). Suppose -4*b - 36 + c = 0. What are the prime factors of (-855)/(-35) + (-12)/b?
2, 3
Suppose -67*m = -57*m - 4340. What are the prime factors of m?
2, 7, 31
What are the prime factors of (-1)/(10/(119760/(-12)))?
2, 499
List the prime factors of (64/(-12))/(-2*(-4)/(-372)).
2, 31
Suppose 32*u = 1030 + 26650. What are the prime factors of u?
5, 173
Let n(r) = 7*r**2 + 20*r + 260. What are the prime factors of n(-9)?
647
Suppose 2*l = 2*f - 392, 3*l - 811 = -5*f + 185. List the prime factors of f.
2, 3, 11
Suppose -42*b + 43*b = -62. Let a = 80 + b. List the prime factors of a.
2, 3
Let i be (15/5)/3 + -250. Let y = 355 + i. List the prime factors of y.
2, 53
Let k(r) = -43*r - 7. Let x be k(-1). Suppose v - x + 24 = 0. List the prime factors of v.
2, 3
Suppose -5*x = 5*w + 335, 4*x = w + 54 + 23. What are the prime factors of w/(-3) + (-3 - 0)?
2, 5
Let s be 105 + 8 + (-1)/(-1). Let z = -28 + s. List the pri